te the greatest common factor of 21303 and 99.
9
Calculate the greatest common factor of 31902 and 52.
26
Calculate the highest common factor of 488599 and 3949.
359
Calculate the highest common factor of 223520 and 352.
352
Calculate the highest common divisor of 3827 and 178.
89
What is the highest common factor of 938961 and 722?
361
Calculate the highest common factor of 848 and 159.
53
What is the highest common divisor of 382 and 10384097?
191
What is the greatest common divisor of 152 and 88255?
19
What is the highest common factor of 1075772 and 13100?
524
What is the highest common factor of 904 and 415162?
226
Calculate the highest common factor of 2144 and 748792.
536
What is the highest common factor of 2174942 and 1218?
406
What is the highest common factor of 280 and 4340?
140
Calculate the highest common divisor of 258 and 3483.
129
Calculate the greatest common divisor of 245598 and 18.
6
Calculate the greatest common factor of 72384 and 2208.
96
What is the greatest common factor of 374 and 128?
2
Calculate the greatest common divisor of 20080 and 2040.
40
Calculate the greatest common divisor of 8000 and 6250.
250
Calculate the highest common factor of 24 and 906.
6
Calculate the greatest common factor of 1066 and 10.
2
What is the greatest common factor of 2864696 and 368?
184
Calculate the greatest common divisor of 235 and 132023.
47
What is the highest common factor of 11630 and 1620?
10
What is the highest common divisor of 1026536 and 161?
161
What is the greatest common factor of 440 and 340945?
55
Calculate the highest common factor of 663 and 1369537.
221
What is the greatest common divisor of 762 and 106934?
254
What is the highest common divisor of 376 and 2992?
8
What is the highest common divisor of 1649 and 1768?
17
What is the greatest common divisor of 78353 and 748?
187
What is the greatest common divisor of 162 and 151956?
162
What is the highest common divisor of 12367 and 59302?
149
Calculate the greatest common factor of 84 and 5530.
14
What is the greatest common factor of 268 and 146529?
67
Calculate the greatest common divisor of 189 and 34377.
21
What is the greatest common divisor of 1212 and 13534?
202
What is the greatest common divisor of 22 and 12914?
22
Calculate the highest common divisor of 6935 and 3033369.
1387
Calculate the highest common factor of 640 and 19280.
80
What is the greatest common divisor of 23501 and 3195?
71
Calculate the greatest common divisor of 5243 and 1720453.
749
Calculate the greatest common factor of 12 and 887802.
6
Calculate the highest common divisor of 6720 and 3449040.
1680
What is the greatest common divisor of 8515 and 455?
65
Calculate the highest common factor of 14 and 102424.
14
Calculate the highest common divisor of 5025 and 15.
15
Calculate the highest common divisor of 745 and 77927.
149
What is the greatest common divisor of 25660 and 80?
20
Calculate the greatest common factor of 3404 and 31740.
92
Calculate the greatest common factor of 214376 and 2413.
127
What is the greatest common divisor of 413 and 469?
7
Calculate the greatest common divisor of 891 and 59400.
297
What is the highest common factor of 52829 and 119?
7
Calculate the greatest common divisor of 34 and 2200548.
34
Calculate the greatest common factor of 324 and 7452.
324
Calculate the greatest common divisor of 8307 and 1278.
639
Calculate the highest common factor of 224 and 39914.
14
What is the greatest common divisor of 1583435 and 562?
281
Calculate the greatest common divisor of 1061174 and 59.
59
What is the highest common factor of 9 and 6906?
3
What is the greatest common factor of 2200310 and 119?
119
What is the highest common factor of 117105 and 111?
111
Calculate the highest common factor of 3540975 and 150.
75
What is the greatest common factor of 3352 and 472?
8
Calculate the greatest common factor of 5047 and 271215.
49
What is the greatest common factor of 237946 and 2?
2
Calculate the greatest common divisor of 378 and 351162.
378
What is the highest common divisor of 324 and 190788?
12
What is the highest common divisor of 117 and 230139?
117
Calculate the highest common factor of 120 and 111880.
40
Calculate the highest common factor of 990 and 97680.
330
Calculate the highest common factor of 5014 and 3924.
218
What is the greatest common divisor of 48515 and 1705?
155
Calculate the highest common factor of 30126 and 21.
3
What is the greatest common divisor of 4163 and 246341?
181
What is the highest common divisor of 9730 and 98?
14
Calculate the highest common divisor of 278 and 107864.
278
Calculate the greatest common divisor of 292848 and 96.
48
What is the greatest common factor of 376 and 701804?
188
Calculate the greatest common divisor of 4844 and 315.
7
What is the greatest common factor of 48 and 16968?
24
Calculate the highest common factor of 84 and 15018.
6
Calculate the highest common divisor of 40092 and 936.
156
Calculate the highest common factor of 136184 and 1508.
116
What is the highest common divisor of 2 and 3544?
2
What is the greatest common factor of 59657 and 1765?
353
Calculate the highest common factor of 20 and 1546.
2
Calculate the greatest common factor of 231 and 45759.
21
What is the highest common divisor of 326825 and 125?
25
What is the highest common factor of 4379 and 2567?
151
Calculate the greatest common divisor of 19 and 523279.
19
Calculate the greatest common factor of 447 and 785528.
149
Calculate the greatest common divisor of 249 and 460401.
249
What is the greatest common factor of 2367 and 72?
9
What is the greatest common factor of 1 and 663571?
1
Calculate the highest common factor of 3075 and 292535.
205
Calculate the highest common factor of 264 and 106216.
88
What is the greatest common factor of 1008 and 60368?
112
What is the highest common divisor of 305 and 1285?
5
What is the highest common factor of 73057 and 43?
43
What is the highest common divisor of 425267 and 163?
163
Calculate the greatest common factor of 1280 and 90400.
160
Calculate the highest common factor of 3912 and 376.
8
Calculate the highest common factor of 3336 and 13.
1
Calculate the highest common factor of 9869 and 10147.
139
What is the greatest common factor of 156 and 11505?
39
Calculate the highest common factor of 154427 and 91.
91
Calculate the greatest common divisor of 40110 and 210.
210
What is the highest common factor of 40 and 8754320?
40
Calculate the highest common divisor of 1280 and 2420.
20
Calculate the greatest common divisor of 3 and 44769.
3
What is the greatest common divisor of 23809 and 156811?
821
Calculate the greatest common divisor of 875 and 2743475.
175
Calculate the highest common factor of 273 and 15479646.
273
What is the highest common factor of 20 and 6010?
10
Calculate the highest common factor of 11 and 119383.
11
What is the highest common factor of 939 and 412221?
939
What is the highest common factor of 94657 and 1133?
103
Calculate the greatest common divisor of 2345 and 28385.
35
Calculate the greatest common divisor of 6 and 194658.
6
What is the greatest common factor of 143 and 8877?
11
What is the greatest common divisor of 18093 and 15651?
111
What is the greatest common divisor of 56764 and 3979?
23
What is the greatest common factor of 4840 and 17820?
220
What is the highest common factor of 201341 and 49?
49
What is the highest common divisor of 50 and 1256?
2
Calculate the highest common factor of 3904 and 122488.
488
What is the greatest common factor of 48 and 8442708?
12
What is the highest common factor of 15719 and 110?
11
What is the highest common divisor of 761001 and 10491?
807
What is the greatest common factor of 8062 and 15544?
58
What is the greatest common factor of 3370590 and 180?
90
What is the greatest common divisor of 375626 and 9962?
586
Calculate the greatest common factor of 16250 and 4250.
250
What is the highest common divisor of 1420 and 328730?
710
What is the highest common divisor of 119289 and 204?
51
Calculate the highest common factor of 212 and 343705.
53
Calculate the greatest common divisor of 7 and 54894.
7
What is the highest common divisor of 754 and 7800?
26
What is the greatest common factor of 766315 and 33?
11
What is the greatest co